 107 = 3*p - p. Is k a prime number?
True
Let u = -16 + 13. Is 0 - u*3*1 prime?
False
Suppose 761 + 545 = 2*r. Is r a composite number?
False
Let k be 2/(-3)*(-72)/(-3). Suppose 8 = -2*b + 4*b + 4*v, 0 = -5*b + 2*v - 16. Let n = b - k. Is n a composite number?
True
Suppose 4*y + 3*s = -1, -5*s = y - 2*y + 17. Let g be (1/y)/((-4)/(-24)). Suppose 182 + 265 = g*v. Is v a composite number?
False
Let p(a) = 27*a**2 - 3*a - 1. Is p(-2) a composite number?
False
Let b(u) = -3*u**3 - 19*u**2 - 23*u + 4. Let h(d) = -d**3 - 9*d**2 - 11*d + 2. Let w(m) = -2*b(m) + 5*h(m). Is w(9) composite?
False
Let z = 64 - -10. Suppose -4*d = -2*d - z. Is d a prime number?
True
Let z = -14 + -40. Let i = z - -91. Is i prime?
True
Let m(z) = z**2 + 8*z + 4. Let v be m(-8). Suppose -2*k + v = k + 2*r, 4*r = 2*k + 8. Suppose -97 = -u - 5*t, 5*u - t - 2*t - 373 = k. Is u composite?
True
Suppose 5*c - 337 = 2*c - o, c + o = 115. Is c composite?
True
Let j(p) = -4*p + 2. Let z(m) be the third derivative of m**4/8 + m**3/6 + 2*m**2. Let i be z(-1). Is j(i) prime?
False
Suppose 14 = 3*m - 5*r, -4*r + r - 15 = -4*m. Suppose -4*l = f, -4 - 11 = -m*f + 3*l. Suppose -342 = -5*k + k - 2*h, 0 = -5*k + f*h + 395. Is k a prime number?
True
Suppose -m = 3*m - 2*w - 6556, 0 = 4*w + 16. Is m prime?
True
Let g be 5/(-10)*4/(-2). Suppose 12 = 4*k + y, -3*k - 9 + g = 5*y. Suppose -k*u + 196 = -0*u. Is u prime?
False
Let s(x) = -77*x + 9. Is s(-6) a prime number?
False
Suppose 860 = 2*q - 1254. Is q a prime number?
False
Suppose 258 = 4*t - 18. Suppose -g = 2*g - t. Is g prime?
True
Let w = 5 + -5. Let s be 2 + -4 - (10 + w). Is (-42)/s*2*3 prime?
False
Let m = -5 - -15. Let d = m + -3. Is d a composite number?
False
Let n = -22 + 27. Suppose v - n*h = 281, 2*v - 5*h - 361 = 191. Is v prime?
True
Let b be (1/(-2) - 0)*0. Suppose 5 = 5*g, -5*d + 2*g + 7 + 6 = b. Suppose -d*v - 129 = -360. Is v prime?
False
Suppose -4*d = -9*d + 885. Is d a prime number?
False
Let d = 145 + 417. Is d a composite number?
True
Let n = -3 - -6. Let o be n/((-6)/7)*2. Is (1/4)/(o/(-532)) prime?
True
Let a(v) = 5*v + 6. Let m be a(-4). Let o be 10*(m/5 - -2). Let k = -1 - o. Is k composite?
False
Suppose -5*w = -25, 2*r = -3*r - w + 45. Let y(f) = 4*f**2 - 5*f - 5. Is y(r) prime?
True
Suppose 14*d = 9*d + 25. Suppose -d*y = 6 - 401. Is y a composite number?
False
Let t = 4 - 4. Suppose 0 = -2*h + 2*r + 304, t = 4*h + 3*r - 8*r - 611. Is h composite?
False
Let m be (4/(-6))/(4/(-6)). Let s be 594 - (-2)/(-3 + m). Is s/5 + (-4)/(-10) a composite number?
True
Let u be (-13)/(-1 + (-9)/(-6)). Suppose 155 = 3*j - s - 0*s, j = 2*s + 50. Let g = u + j. Is g a composite number?
True
Let b(w) = 25*w + 12. Let q(p) = 51*p + 25. Let z(d) = 7*b(d) - 3*q(d). Is z(8) composite?
True
Is ((-3)/(-12))/(2/1192) a prime number?
True
Let j(n) = 179*n**2 + n + 1. Is j(-1) prime?
True
Let x be 202 - (-1 - -2)*1. Let p = x - 104. Is p a composite number?
False
Suppose 6*t + 1774 = 8*t. Is t prime?
True
Let u(d) = 2*d + 3. Let a be u(-5). Let m(j) be the first derivative of -j**3/3 - 9*j**2/2 + 7*j - 2. Is m(a) prime?
False
Suppose 12 = 4*u, 2*c - c + 96 = -5*u. Is (-1)/2 + c/(-2) prime?
False
Suppose -6 - 19 = -5*v. Suppose -29 = -7*w + 4*w - v*h, 0 = w - h - 15. Let a = w - -1. Is a composite?
True
Suppose 0 = 4*c + 2*o + 206, 0 = -c - o + 13 - 64. Let y = c - -209. Is y prime?
True
Let u = -111 - -180. Suppose -f + u = 2*f. Is f a prime number?
True
Suppose 0*y = -5*y. Suppose 0 = -5*f + k - y*k + 155, -155 = -5*f - 2*k. Is f a composite number?
False
Suppose -2*l - 1 + 5 = 0. Suppose -5*a + 63 = -l*a. Is a prime?
False
Let l be (-2)/(-4) + (-884)/8. Let f be (l/(-5))/(4/18). Suppose f = 4*m - m. Is m a prime number?
False
Let t(k) = -k**3 + 5*k**2 + 7*k + 1. Let n be t(6). Suppose n*u - 2*u - 3*f = 109, u + 3*f = 29. Is u a composite number?
False
Let x = 773 + -323. Let g = x + -259. Is g composite?
False
Let d = 2146 + -1031. Is d prime?
False
Let r be (3 - 6) + (260 - 1). Let t be (7 - 0) + -1*1. Is -1 + r + t/3 a prime number?
True
Suppose -t + 0*t - 37 = 0. Let w = -11 - t. Is w prime?
False
Suppose 2*v - 494 = 612. Let h = -286 + v. Is h composite?
True
Let o be 12/(-2)*1*1. Let i(d) = d**2 - 4*d - 1. Is i(o) a composite number?
False
Suppose b = -0*b + 4. Suppose b*j = 2*j + 98. Is j composite?
True
Suppose 4*o + 595 = 3*w, o = 4*w - 281 - 521. Let i = 410 - w. Is i composite?
True
Let p be 2698/(-6) + 2/(-6). Let n = -119 - p. Is n a composite number?
False
Is (38/(-8))/(2/(-179*8)) composite?
True
Let s(u) = -30*u + 7. Suppose 3*n - k = -0*n + 77, 5*n - 135 = 5*k. Suppose 0 = -0*v + 5*v + n. Is s(v) a composite number?
False
Suppose 0 = -l + 5*l. Suppose l = 12*g - 15*g + 231. Is g a prime number?
False
Let p = 18 + -13. Let w be (3 - 7)*p*-1. Let m = 14 + w. Is m composite?
True
Let x(l) = 7*l**3 + 2*l**2 - 8*l + 4. Is x(3) a prime number?
False
Suppose 0 = -4*t - 0*t + 1508. Is t a prime number?
False
Let u(y) = 5*y**2 + 10*y - 19. Is u(-12) composite?
True
Let o = 1083 + 82. Is o a prime number?
False
Suppose 0 = -6*s + 10*s - 676. Is s prime?
False
Suppose 0 = -2*h + 7 - 1. Suppose h*w = -5*a - 1987, 2*w + 5*a = -2*w - 2651. Is w/(-10) - (-6)/10 a prime number?
True
Let n(g) = -g**2 - 4*g - 3. Let i be n(-2). Let b be i*(1 + 2 + 1). Suppose 0 = 3*w - b*w + 55. Is w prime?
False
Let z(x) = -29*x - 18. Is z(-7) a prime number?
False
Suppose -11*b + 19*b - 2824 = 0. Is b a composite number?
False
Let c(t) = 27*t**2 - 4*t - 3. Let y be c(-4). Suppose -3*v - 2*v + y = 0. Is v composite?
False
Let h(z) be the second derivative of -1/2*z**3 - 1/20*z**5 - z + 5/12*z**4 + 1/2*z**2 + 0. Is h(3) a prime number?
False
Let x(r) be the third derivative of 2*r**5/15 - r**4/24 + 5*r**3/3 + 2*r**2. Is x(-7) a prime number?
True
Let g(i) = -i**2 + i - 3. Let m be g(-5). Is m/6*1*-2 a prime number?
True
Suppose 5*m = 5142 - 352. Is m a prime number?
False
Let w be 15/20 - 1949/(-4). Suppose 178 = 6*s - w. Is s a prime number?
False
Let b(m) = 3*m**3 - m**2 + 3*m - 3. Let p be (-4)/(-3)*(-3)/(-2). Is b(p) composite?
False
Let k(d) = -d**3 + 7*d**2 + 7*d + 6. Let o be k(8). Let w(j) = -17*j**3 - 2*j**2 + 1. Is w(o) composite?
True
Suppose 5*t - 60 = 2*t. Let w = 147 + t. Suppose 0 = j + 2*o - 51, -j - 2*j + o = -w. Is j a composite number?
True
Is 1/(-4) + 5877/36 a prime number?
True
Is (-2708)/(-2)*(-1)/(-2) a prime number?
True
Let n(l) = 2*l**2 + 11*l + 7. Let m(v) = v**2 + 8*v - 1. Let g = -17 - -10. Let b be m(g). Is n(b) a composite number?
False
Let x(h) = 37*h + 5. Let l be x(6). Let d = -42 + l. Suppose 4*b - d = -b. Is b a composite number?
False
Suppose 776 = 2*w - 62. Is w a composite number?
False
Is 0 + -2 - (-2130)/10 composite?
False
Let z = 2756 - 1026. Suppose 4*l - z = 218. Is l a prime number?
True
Let y(x) = -21*x - 3. Suppose 0 = -2*o - q, 2*o + 6*q = 2*q + 12. Is y(o) a composite number?
True
Let v be (-2)/11 - (-7200)/33. Suppose 0 = -7*g + 6*g + v. Is g composite?
True
Let b = 0 + 12. Suppose 4*h - b = 2*m, h + 2*m - m - 3 = 0. Is h a prime number?
True
Let j be (-8)/(2/4 + -1). Suppose 3*u + 19 = -5*w, -u = -2*u + w - 1. Let k = j + u. Is k a prime number?
True
Suppose 9*x = 11*x + 48. Is (-5 - -2 - x)/1 a composite number?
True
Let p = 9 + -6. Let h = p + -1. Suppose -117 = -h*s - s. Is s a composite number?
True
Let l(m) = -37*m**3 - 7*m - 7. Let j = -10 - -5. Let i(c) = -36*c**3 - 6*c - 6. Let k(r) = j*l(r) + 6*i(r). Is k(-1) a composite number?
False
Let g = 13 + -10. Suppose -94 = -g*a + a. Is a a prime number?
True
Suppose 91 + 179 = 3*r. Is -1*5*(-20934)/r a composite number?
False
Suppose 0 = -t + 4*z + 272 + 785, -4*t + 4242 = -2*z. Is t a prime number?
True
Is 7/(14/24)*59/4 composite?
True
Suppose 7476 = 9*q + 1383. Is q a composite number?
False
Let u = 2 - 2. Is (u - 2)/(-2) - -1 prime?
True
Let d(k) = k - 10. Let q be d(9). Is (-75)/(-12) + q/4 a composite number?
True
Let j(x) = -x - 3. Let q be j(-5). Let y be (3 + 3)*3/9. Is (17/2 - q)*y a composite number?
False
Suppose -5*u - 5*j = -1639 + 304, 5*u - 1315 = 5*j. Is u composite?
True
Suppose 0 = 7*m - 5*m - 6. Suppose m*p - 212 = -p. Is p a composite number?
False
Suppose 6*m = 2*m + 1268. Is m composite?
False
Is (-945)/(-5) - 2/(-1) a prim